 -8) + 4 - -8
2
Calculate -1 + (-10 - -4) + 5 + (3 - -18 - 40).
-21
Calculate -155 + 141 + 5 + -82.
-91
Calculate 5 + 16 + -40 + (5 - 1) + -4.
-19
Evaluate 414 - 443 - ((-2 + 8 - 2) + -14 + 2).
-21
Calculate (-18 - -2 - -19 - -16) + 12.
31
Evaluate (-11 + 26 - 18) + (13 - 2) + -29.
-21
What is the value of -262 + (-163 - -350) - (13 - -1)?
-89
Evaluate 3 + -103 + 140 + (-170 - -1).
-129
56 - (-4 + (-3 - -11) - 0) - (-81 + 91)
42
What is the value of -43 + 24 + 6 - (-3 - 20)?
10
What is (-16 - -7) + 31 + -38 + 39 - 5?
18
Calculate 100 - (-327 - -390 - (33 - -1)).
71
Evaluate -77 + 27 + 35 + 88.
73
Evaluate (8 - (33 - (13 + -8 - 14))) + 9.
-25
(7 + -22 + 11 - -10) + 6 + -1 + -2
9
Calculate -31 + 23 + 6 + (-35 - -3) + 13.
-21
Evaluate 42 + -25 - ((-29 - -15 - 66) + 11).
86
43 - (-1 + 0) - ((69 - 92) + (24 - -6))
37
Calculate 5 + -13 - ((-3 - -2) + (-1 - -20 - 63)).
37
What is 900 + -770 - (71 + -17)?
76
Evaluate 82 + -72 + 44 - (6 - 3).
51
What is -1 + -53 + -137 + 156 + (-8 - 3)?
-46
What is the value of -167 + (130 - 80 - -31)?
-86
Calculate -106 + (4 - 3) + (-37 - -56).
-86
Calculate (2 + -3 + 3 - (-7 + -1)) + (-1702 - -1650).
-42
Evaluate 51 + -40 - (-2 + (-15 - -4)).
24
Evaluate -1 + 15 - (168 + (9 - 32 - 23)).
-108
Evaluate 53 + (-58 + 29 - 55).
-31
What is the value of -18 + 0 + (-52 - (-5 + -50 + 41))?
-56
-4 + (-9 - 2) + 8 + -4 + -2 + 55
42
Evaluate 90 + -41 - 46 - (-60 - (2 + 3)).
68
Calculate (-378 - -375) + (-44 - 4) + 4.
-47
Calculate -87 + (-2 - (28 + -73)).
-44
Evaluate (-32 - ((-5 - -21) + -37)) + (0 - -49).
38
What is 15 + (19 - 25) - -112?
121
Evaluate -1 - (11 + 2) - (-3 + 22 + 27).
-60
-1 + -8 + (-145 - -163 - (9 - -1))
-1
What is 2 - 7 - -75 - (214 - 226)?
82
Evaluate 12 + (-48 - -48) + 3 - (2 + 1 + -128).
140
What is 24 + (-1 + -1 - 11) + (-29 - (-72 - -23))?
31
Evaluate -5 - (-92 + (-79 - -109) + -2 + 11 + -1).
49
What is 5 + (-23 - 3) + 143 + -110?
12
Calculate -45 + 10 - -35 - 18.
-18
Evaluate 6 + 34 - 19 - (-14 - -34).
1
-7 - ((2 - 81) + 120)
-48
What is the value of 5 + 22 + (-24 - 17) + 10 - (35 - -1)?
-40
Calculate (-74 - -137) + -93 - (-18 - -1).
-13
What is -11 + -1 - -5 - (-1 - 2) - (-57 - -130)?
-77
Calculate (30 - 42) + -8 - -36 - -29.
45
Evaluate -14 + 10 + (-28 - -77) + -29.
16
Calculate 9 - (-1 + -23 - 7).
40
Calculate (-41 - (90 + -87)) + 48.
4
What is the value of -30245 + 30248 - (112 + 0)?
-109
What is 5 + (-3 - 1) - (49 + (43 - 30))?
-61
What is the value of (-3 - (8 - (-23 - (-25 - -1)))) + (111 - 0)?
101
1 + 14 + 37 + (-27 - 35) + 18
8
-4 + 0 + 28 + -18 + (74 - 118) - -5
-33
Evaluate (2 + -78 - (-104 + 130 - 9)) + -10.
-103
Evaluate -5479 - -5467 - ((1 - (1 - -1)) + -12).
1
What is 4 + -5 - -45 - (43 - 29 - 13)?
43
Calculate (85 + 3 - 4) + (-1464 - -1471).
91
Calculate 73 + 2 - (222 + -80).
-67
What is the value of 14 + -17 - (-39 + 19 + 18)?
-1
What is 5 - (32 - (31 + 7))?
11
Calculate -110 - -4 - (1881 - 1960).
-27
What is (7 - ((5 - 62) + 2 + -6)) + (265 - 279)?
54
What is the value of (131 - 79) + -40 - (54 - 0)?
-42
Evaluate 105 + -53 + -59 + 0 + 13.
6
What is the value of 20 + -19 - -4 - 10 - (12 - -3)?
-20
What is the value of -10 + 5 + 5 + (3 - 90) - (173 - 182)?
-78
Calculate -44 + 19 + -7 + -5 + 0.
-37
Calculate 14 + (-91 - -52 - -47) + (-149 - -2).
-125
(-12 + -4 - (18 + 21 + -59 + 18)) + 72
58
What is -182 + (323 - 139) - (1 - (-50 + 1))?
-48
What is the value of 18 - -4 - (19 + -35 + 1)?
37
Calculate -99 - ((6 - (2 - 0)) + -77 + 69 + 14).
-109
Evaluate -64 + 49 - (20 + 9) - 23.
-67
Calculate -11 - (-4 - (-14 - (20 - 13))).
-28
10 + (-52 - (3 - 11 - (27 + -28))) + -7
-42
Evaluate -10 + (-4 - -6) + -9 - -10.
-7
Calculate -21 - (-31 - -17 - -19 - 12).
-14
What is 7 - (6 + -7 + 8) - (-10 + 89 + -18)?
-61
Evaluate (0 + 3 - -13) + (-211 - (89 - 220)).
-64
(-49 + -5 - (-34 + 18)) + 13
-25
What is 42 + (-92 - (-67 - -34))?
-17
What is the value of -5 - (-79 + 5) - (-49 + 34 - -27)?
57
53 + 5 + -17 + 15
56
What is 32 + (-9 - (2 + 21) - -25)?
25
What is the value of 10 + -24 + 4 - (16 - (1 + 0))?
-25
What is the value of 36 - (119 + 13) - -41?
-55
(-70 - -53 - (-6 - 13)) + 6 + 17
25
What is (10 - (16 - -4)) + 20?
10
What is -67 - ((2 + (-16 - -5) - (7 - 10)) + 2)?
-63
Evaluate -11 + 47 + -53 - (-31 + 2).
12
Evaluate 2173 + -2072 - (4 + 0 + 1 + -1).
97
What is the value of -32 - -12 - (-28 + -36 + 30)?
14
Calculate (-4 - -62) + -3 + 8 - (98 + -83).
48
Calculate 22 - (-4 - (-17 + -50)).
-41
What is the value of (-24 + 9 - -2 - -17) + 12 + -20 + -55?
-59
What is the value of -36 - (-107 + 80 - 53)?
44
-4 + -1 + -4 + (38 - 19) - -20
30
Evaluate 66 + -1 + -71 + 70 + -1.
63
What is (-44 - 10 - 31) + 10?
-75
What is the value of -15 + (13 - (103 - 112 - (1 + -39)))?
-31
What is (1722 - 1713) + 6 + -127?
-112
What is -11 + 21 + 28 + -27?
11
What is the value of 10 + (6 - 10) - (-38 + 15 + -20)?
49
Evaluate (30 - 0) + 480 + -487 - -60.
83
Evaluate 0 + (0 - 1) + (-141 - (103 - 289)).
44
Calculate (4 - 7) + (60 + -1 - (205 + -210)).
61
Calculate 123 + (8 - 63) - 65.
3
What is the value of 10 + -5 - -32 - (10 + 0 + 6 + -7)?
28
4 - (46 + -2) - (24 + (-60 - -20))
-24
What is the value of (40 - 78 - -40) + -13 - -121?
110
Calculate 94 + (-54 - -50 - 23).
67
What is the value of 10 - (84 + -34 - -2)?
-42
What is 59 - (119 + -134) - 27?
47
What is the value of 3 + (-2 - 0) - (-19 - (39 + 68 - 55))?
72
Evaluate -56 - (-32 + -90 - -55).
11
-4 + (-15 - -108) + 2 - -1 - 9
83
What is the value of -1 + -7 + ((5 + 33 - -6) + -24 - -12)?
24
Calculate (-8 - 46) + 62 + -50 + -1.
-43
Calculate (1307 - 1359) + 86 + 0.
34
What is the value of 55 + (-74 - -11) + -40?
-48
-136 + 4 + (89 - 22)
-65
(-11 - -2) + 17 - 45 - (-20 + 15)
-32
What is 28 + -6 + (-201 - -83) + -18?
-114
What is -5169 + 5160 + 91 + 0?
82
Calculate -40 + (2 - (-1 + -9 + 16)).
-44
What is (-143 + 134 - (-15 + 0)) + (6 - -2)?
14
What is the value of -9 - (82 - 22) - -97?
28
What is the value of 73 - (189 - -14 - 62)?
-68
37 - (-52 + 53 - (-2 + -11)) - 6
17
Calculate 15 + (139 - 110) + -119.
-75
Evaluate (-8 + -1 - (3 + 1)) + -20 - 13.
-46
Evaluate -10 - -12 - -2 - (-4 + (-21 - -10)).
19
180 + -126 + 49 + -39
64
What is (29 - -51) + -56 - (32 + 3)?
-11
What is -21 + 89 + 87 - 103?
52
650 - 640 - (-50 - -11)
49
-95 - -1 - (-8940 + 8854)
-8
Evaluate 0 - 51 - ((14 - -3) + (-14 - 6)).
-48
Evaluate (108 - 3) + 20 + (-4 - -3) + (-80 - -47).
91
What is -3 + -12 + 74 - (9 - -7)?
43
What is the value of (0 - (-11 + 13 + -4)) + 5 + -62?
-55
What is -25 - -5 - -20 - (92 - (2 + (4 - 2)))?
-88
(-2 - 38) + 21 + -3 + 8 - (20 - 48)
14
1 + -4 - (35 - (19 + -15))
-34
Calculate -21 - -11 - (-13 - (-13 - 6)).
-16
Calculate (0 - (43 - 0)) + (-12 + -11 - -17).
-49
Evaluate 17 + -1 + (-28 - (71 - 136)).
53
Evaluate 22 + 46 + -83 + 34.
19
What is the value of -11 - (26 + -4 + -36) - 13?
-10
What is the value of 111 - 165 - (-70 - 4)?
20
Evaluate -1 + (-24 + 28 - -24).
27
54 + -38 + (62 - 74)
4
(3 - -1) + 11 + -5 - (300 + -291)
1
Evaluate (-929 - -957) + (11 - 1) + 0.
38
-53 + (5 - (6 + 1 + -11))
-44
What is (-74 - 9) + 107 + 33?
57
What is the value of (0 + -2 - -4 - 4) + 44 + -972 + 973?
43
What is the value of 3 + -10 - (3 - (-1 + 79 + -7 + 2))?
63
What is -1 + 9 + 31 + -19 + 0 - (1 - 2)?
21
What is the value of -24 - (-38 + 7 + 27)?
-20
30 + -23 + (-6 - 2) + (-6 + -20 - 3)
-30
9 - 15 - -3 - (12 - -15)
-30
Calculate -5 + -3 + 42 + (37 + -18 - 46).
7
What is the value of (4 - -8) + (-699 - -741)?
54
What is the value of (-26 - 16) + 64 + 13?
35
What is 79 + -24 + (33 - 3) + -31?
54
32 - ((-14 - 4) + -1 + 38)
13
Evaluate -7 + 28 + (-18 - (-16 + 12) - -11).
18
-12 - ((11 - -5 - 48) + -11)
31
Evaluate -2 + -30 + (-98 - -94) + (0 - 11).
-47
Evaluate -2 + 6 - (1365 + -1352).
-9
-113 + (135 + -13 - 99)
-90
What is the value of -45 + 5 - (-34 + 17 + 32 - 15)?
-40
-25 + 2 - ((59 - 94) + -67)
79
What is the value of -28 + (12 - 8 - 22) + (0 - -6)?
-40
-6 + (113 + 5 - 58)
54
Calculate 6 + -5 + 3 + -15 - (31 - -15 - 48).
-9
Evaluate -31 - -11 - (-54 + 35 + -17).
16
What is -65 + -1 + (-177 - -186) + -26?
-83
Evaluate (-9 - -59 - 9) + -72.
-31
What is 58 - -1 - (2045 + -1935)?
-51
What is the value of -7 + -16 + 20 + (-14 - -145)?
128
Calculate 7 + -50 + 6 + -351 + 438.
50
3 - -17 - ((-55 - 34